{"id":290,"date":"2024-05-30T11:18:38","date_gmt":"2024-05-30T11:18:38","guid":{"rendered":"https:\/\/mendezpablo.net\/wp\/?page_id=290"},"modified":"2026-03-13T08:44:21","modified_gmt":"2026-03-13T08:44:21","slug":"among-humans-and-fireflies-2019-2023","status":"publish","type":"page","link":"https:\/\/mendezpablo.net\/wp\/?page_id=290","title":{"rendered":"Among humans and fireflies (2019-2023)."},"content":{"rendered":"\n<figure class=\"wp-block-image alignwide size-full\"><img loading=\"lazy\" decoding=\"async\" width=\"914\" height=\"688\" src=\"https:\/\/mendezpablo.net\/wp\/wp-content\/uploads\/2024\/05\/Capture-decran-2023-04-13-a-08.45.45.png\" alt=\"\" class=\"wp-image-291\" srcset=\"https:\/\/mendezpablo.net\/wp\/wp-content\/uploads\/2024\/05\/Capture-decran-2023-04-13-a-08.45.45.png 914w, https:\/\/mendezpablo.net\/wp\/wp-content\/uploads\/2024\/05\/Capture-decran-2023-04-13-a-08.45.45-300x226.png 300w, https:\/\/mendezpablo.net\/wp\/wp-content\/uploads\/2024\/05\/Capture-decran-2023-04-13-a-08.45.45-768x578.png 768w\" sizes=\"auto, (max-width: 914px) 100vw, 914px\" \/><\/figure>\n\n\n\n<p class=\"wp-block-paragraph\"><strong>Among Humans and Fireflies (2019-2023)<\/strong><br>Collaborative research and actions with the Entomology Laboratory of the University of Buenos Aires (Dr. Marcela Castelo, and Jos\u00e9 Crespo). <br>Breeding fireflies in captivity, researching their behaviour and specific corporeality.<br>Tracking exercises of fireflies in urban environments: first activity in November 2021 in Buenos Aires, and June 2023 in Santa-Catarina state in Brazil.<br>This project has received support from the National Fund for the Arts of the Ministry of Culture of the Nation and the Metropolitan Fund for Arts and Sciences, Ministry of Culture of the City of Buenos Aires, Argentina, 2019. Images of breeding in captivity in Buenos Aires, Argentina, and Florian\u00f3polis, SC, Brazil.<\/p>\n\n\n\n<p class=\"wp-block-paragraph\">In collaboration with the Experimental Entomology Laboratory at the University of Buenos Aires, we have initiated research into ways of perpetuating the life of fireflies, a species currently threatened in the surrounding wetlands. The initial aim of the project was to restore to viewers the experience of contact with these bioluminescent beings, which many people remember as magical. To achieve this, we began by attempting to breed fireflies, particularly in the summer of 2019-2020. Entomology has rarely focused on Lampyridae, as they have no capitalist or extractive value. Since the confinement of 2020, we have had some interesting exchanges regarding the captive breeding of these beings. The scientific team wanted to continue this breeding research to better understand this species. As an artistic project, it led to other approaches that I had barely begun to explore, such as tracking fireflies in urban environments and collecting stories from different indigenous peoples about fireflies. We are currently seeking to declare a sanctuary of luminous life in collaboration with the Secretary of Cultural Heritage and the Ministry of Environment to preserve this species and involve other people in this endeavour.<\/p>\n\n\n\n<figure class=\"wp-block-image size-full\"><img loading=\"lazy\" decoding=\"async\" width=\"427\" height=\"537\" src=\"https:\/\/mendezpablo.net\/wp\/wp-content\/uploads\/2024\/05\/attempt-to-breed-adult-lamparidae-2019.jpeg\" alt=\"\" class=\"wp-image-292\" srcset=\"https:\/\/mendezpablo.net\/wp\/wp-content\/uploads\/2024\/05\/attempt-to-breed-adult-lamparidae-2019.jpeg 427w, https:\/\/mendezpablo.net\/wp\/wp-content\/uploads\/2024\/05\/attempt-to-breed-adult-lamparidae-2019-239x300.jpeg 239w\" sizes=\"auto, (max-width: 427px) 100vw, 427px\" \/><\/figure>\n\n\n\n<figure class=\"wp-block-gallery has-nested-images columns-default is-cropped wp-block-gallery-1 is-layout-flex wp-block-gallery-is-layout-flex\">\n<figure class=\"wp-block-image size-large\"><img loading=\"lazy\" decoding=\"async\" width=\"268\" height=\"258\" data-id=\"294\" src=\"https:\/\/mendezpablo.net\/wp\/wp-content\/uploads\/2024\/05\/captura-de-pantalla-2020-04-22-a-las-185036-1.jpeg\" alt=\"\" class=\"wp-image-294\"\/><\/figure>\n\n\n\n<figure class=\"wp-block-image size-large\"><img loading=\"lazy\" decoding=\"async\" width=\"284\" height=\"272\" data-id=\"295\" src=\"https:\/\/mendezpablo.net\/wp\/wp-content\/uploads\/2024\/05\/captura-de-pantalla-2020-04-22-a-las-185047.jpeg\" alt=\"\" class=\"wp-image-295\"\/><\/figure>\n\n\n\n<figure class=\"wp-block-image size-large\"><img loading=\"lazy\" decoding=\"async\" width=\"1024\" height=\"576\" data-id=\"296\" src=\"https:\/\/mendezpablo.net\/wp\/wp-content\/uploads\/2024\/05\/Capture-decran-2023-04-13-a-08.45.57-1024x576.png\" alt=\"\" class=\"wp-image-296\" srcset=\"https:\/\/mendezpablo.net\/wp\/wp-content\/uploads\/2024\/05\/Capture-decran-2023-04-13-a-08.45.57-1024x576.png 1024w, https:\/\/mendezpablo.net\/wp\/wp-content\/uploads\/2024\/05\/Capture-decran-2023-04-13-a-08.45.57-300x169.png 300w, https:\/\/mendezpablo.net\/wp\/wp-content\/uploads\/2024\/05\/Capture-decran-2023-04-13-a-08.45.57-768x432.png 768w, https:\/\/mendezpablo.net\/wp\/wp-content\/uploads\/2024\/05\/Capture-decran-2023-04-13-a-08.45.57.png 1048w\" sizes=\"auto, (max-width: 1024px) 100vw, 1024px\" \/><\/figure>\n<\/figure>\n\n\n\n<figure class=\"wp-block-embed is-type-video is-provider-vimeo wp-block-embed-vimeo wp-embed-aspect-16-9 wp-has-aspect-ratio\"><div class=\"wp-block-embed__wrapper\">\n<iframe loading=\"lazy\" title=\"Entre humanos y luci\u00e9rnagas - Marcela Castelo, Jos\u00e9 Crespo, Pablo M\u00e9ndez y Candela Sotos\" src=\"https:\/\/player.vimeo.com\/video\/682202370?h=d4d2bc8ea8&amp;dnt=1&amp;app_id=122963\" width=\"500\" height=\"281\" frameborder=\"0\" allow=\"autoplay; fullscreen; picture-in-picture; clipboard-write; encrypted-media; web-share\" referrerpolicy=\"strict-origin-when-cross-origin\"><\/iframe>\n<\/div><\/figure>\n\n\n\n<p class=\"wp-block-paragraph\">Dialogue with Marcela Castelo, Jos\u00e9 Crespo, and Candela Sotos regarding the conditions for the habitability of fireflies during the COVID-19 confinement in 2020.<\/p>\n\n\n\n<figure class=\"wp-block-embed alignfull is-type-video is-provider-vimeo wp-block-embed-vimeo wp-embed-aspect-16-9 wp-has-aspect-ratio\"><div class=\"wp-block-embed__wrapper\">\n<iframe loading=\"lazy\" title=\"luciernagas\" src=\"https:\/\/player.vimeo.com\/video\/875193401?h=3667868895&amp;dnt=1&amp;app_id=122963\" width=\"500\" height=\"281\" frameborder=\"0\" allow=\"autoplay; fullscreen; picture-in-picture; clipboard-write; encrypted-media; web-share\" referrerpolicy=\"strict-origin-when-cross-origin\"><\/iframe>\n<\/div><figcaption class=\"wp-element-caption\">Recording during the activity of tracing fireflies in the urban milieu <br>of Buenos Aires. Parque Tres de Febrero, Buenos Aires, Argentina, 2022. <\/figcaption><\/figure>\n\n\n\n<figure class=\"wp-block-image size-large\"><img loading=\"lazy\" decoding=\"async\" width=\"1024\" height=\"768\" src=\"https:\/\/mendezpablo.net\/wp\/wp-content\/uploads\/2026\/03\/entre-humanos-y-luciernagas-1024x768.jpg\" alt=\"\" class=\"wp-image-615\" srcset=\"https:\/\/mendezpablo.net\/wp\/wp-content\/uploads\/2026\/03\/entre-humanos-y-luciernagas-1024x768.jpg 1024w, https:\/\/mendezpablo.net\/wp\/wp-content\/uploads\/2026\/03\/entre-humanos-y-luciernagas-300x225.jpg 300w, https:\/\/mendezpablo.net\/wp\/wp-content\/uploads\/2026\/03\/entre-humanos-y-luciernagas-768x576.jpg 768w, https:\/\/mendezpablo.net\/wp\/wp-content\/uploads\/2026\/03\/entre-humanos-y-luciernagas-1536x1152.jpg 1536w, https:\/\/mendezpablo.net\/wp\/wp-content\/uploads\/2026\/03\/entre-humanos-y-luciernagas-2048x1536.jpg 2048w\" sizes=\"auto, (max-width: 1024px) 100vw, 1024px\" \/><\/figure>\n\n\n\n<figure class=\"wp-block-image size-large\"><img loading=\"lazy\" decoding=\"async\" width=\"768\" height=\"1024\" src=\"https:\/\/mendezpablo.net\/wp\/wp-content\/uploads\/2026\/03\/entre-humanos-y-luciernagaw-3-768x1024.jpg\" alt=\"\" class=\"wp-image-616\" srcset=\"https:\/\/mendezpablo.net\/wp\/wp-content\/uploads\/2026\/03\/entre-humanos-y-luciernagaw-3-768x1024.jpg 768w, https:\/\/mendezpablo.net\/wp\/wp-content\/uploads\/2026\/03\/entre-humanos-y-luciernagaw-3-225x300.jpg 225w, https:\/\/mendezpablo.net\/wp\/wp-content\/uploads\/2026\/03\/entre-humanos-y-luciernagaw-3-1152x1536.jpg 1152w, https:\/\/mendezpablo.net\/wp\/wp-content\/uploads\/2026\/03\/entre-humanos-y-luciernagaw-3-1536x2048.jpg 1536w, https:\/\/mendezpablo.net\/wp\/wp-content\/uploads\/2026\/03\/entre-humanos-y-luciernagaw-3-scaled.jpg 1920w\" sizes=\"auto, (max-width: 768px) 100vw, 768px\" \/><\/figure>\n","protected":false},"excerpt":{"rendered":"<p>Among Humans and Fireflies (2019-2023)Collaborative research and actions with the Entomology Laboratory of the University of Buenos Aires (Dr. Marcela Castelo, and Jos\u00e9 Crespo). Breeding fireflies in captivity, researching their behaviour and specific corporeality.Tracking exercises of fireflies in urban environments: first activity in November 2021 in Buenos Aires, and June 2023 in Santa-Catarina state in [&hellip;]<\/p>\n","protected":false},"author":1,"featured_media":0,"parent":473,"menu_order":0,"comment_status":"closed","ping_status":"closed","template":"","meta":{"footnotes":""},"class_list":["post-290","page","type-page","status-publish","hentry"],"_links":{"self":[{"href":"https:\/\/mendezpablo.net\/wp\/index.php?rest_route=\/wp\/v2\/pages\/290","targetHints":{"allow":["GET"]}}],"collection":[{"href":"https:\/\/mendezpablo.net\/wp\/index.php?rest_route=\/wp\/v2\/pages"}],"about":[{"href":"https:\/\/mendezpablo.net\/wp\/index.php?rest_route=\/wp\/v2\/types\/page"}],"author":[{"embeddable":true,"href":"https:\/\/mendezpablo.net\/wp\/index.php?rest_route=\/wp\/v2\/users\/1"}],"replies":[{"embeddable":true,"href":"https:\/\/mendezpablo.net\/wp\/index.php?rest_route=%2Fwp%2Fv2%2Fcomments&post=290"}],"version-history":[{"count":3,"href":"https:\/\/mendezpablo.net\/wp\/index.php?rest_route=\/wp\/v2\/pages\/290\/revisions"}],"predecessor-version":[{"id":617,"href":"https:\/\/mendezpablo.net\/wp\/index.php?rest_route=\/wp\/v2\/pages\/290\/revisions\/617"}],"up":[{"embeddable":true,"href":"https:\/\/mendezpablo.net\/wp\/index.php?rest_route=\/wp\/v2\/pages\/473"}],"wp:attachment":[{"href":"https:\/\/mendezpablo.net\/wp\/index.php?rest_route=%2Fwp%2Fv2%2Fmedia&parent=290"}],"curies":[{"name":"wp","href":"https:\/\/api.w.org\/{rel}","templated":true}]}}

<figure class="wp-block-image alignwide size-full"><img loading="lazy" decoding="async" width="914" height="688" src="https://mendezpablo.net/wp/wp-content/uploads/2024/05/Capture-decran-2023-04-13-a-08.45.45.png" alt="" class="wp-image-291" srcset="https://mendezpablo.net/wp/wp-content/uploads/2024/05/Capture-decran-2023-04-13-a-08.45.45.png 914w, https://mendezpablo.net/wp/wp-content/uploads/2024/05/Capture-decran-2023-04-13-a-08.45.45-300x226.png 300w, https://mendezpablo.net/wp/wp-content/uploads/2024/05/Capture-decran-2023-04-13-a-08.45.45-768x578.png 768w" sizes="auto, (max-width: 914px) 100vw, 914px" /></figure>



<p class="wp-block-paragraph"><strong>Among Humans and Fireflies (2019-2023)</strong><br>Collaborative research and actions with the Entomology Laboratory of the University of Buenos Aires (Dr. Marcela Castelo, and José Crespo). <br>Breeding fireflies in captivity, researching their behaviour and specific corporeality.<br>Tracking exercises of fireflies in urban environments: first activity in November 2021 in Buenos Aires, and June 2023 in Santa-Catarina state in Brazil.<br>This project has received support from the National Fund for the Arts of the Ministry of Culture of the Nation and the Metropolitan Fund for Arts and Sciences, Ministry of Culture of the City of Buenos Aires, Argentina, 2019. Images of breeding in captivity in Buenos Aires, Argentina, and Florianópolis, SC, Brazil.</p>



<p class="wp-block-paragraph">In collaboration with the Experimental Entomology Laboratory at the University of Buenos Aires, we have initiated research into ways of perpetuating the life of fireflies, a species currently threatened in the surrounding wetlands. The initial aim of the project was to restore to viewers the experience of contact with these bioluminescent beings, which many people remember as magical. To achieve this, we began by attempting to breed fireflies, particularly in the summer of 2019-2020. Entomology has rarely focused on Lampyridae, as they have no capitalist or extractive value. Since the confinement of 2020, we have had some interesting exchanges regarding the captive breeding of these beings. The scientific team wanted to continue this breeding research to better understand this species. As an artistic project, it led to other approaches that I had barely begun to explore, such as tracking fireflies in urban environments and collecting stories from different indigenous peoples about fireflies. We are currently seeking to declare a sanctuary of luminous life in collaboration with the Secretary of Cultural Heritage and the Ministry of Environment to preserve this species and involve other people in this endeavour.</p>



<figure class="wp-block-image size-full"><img loading="lazy" decoding="async" width="427" height="537" src="https://mendezpablo.net/wp/wp-content/uploads/2024/05/attempt-to-breed-adult-lamparidae-2019.jpeg" alt="" class="wp-image-292" srcset="https://mendezpablo.net/wp/wp-content/uploads/2024/05/attempt-to-breed-adult-lamparidae-2019.jpeg 427w, https://mendezpablo.net/wp/wp-content/uploads/2024/05/attempt-to-breed-adult-lamparidae-2019-239x300.jpeg 239w" sizes="auto, (max-width: 427px) 100vw, 427px" /></figure>



<figure class="wp-block-gallery has-nested-images columns-default is-cropped wp-block-gallery-1 is-layout-flex wp-block-gallery-is-layout-flex">
<figure class="wp-block-image size-large"><img loading="lazy" decoding="async" width="268" height="258" data-id="294" src="https://mendezpablo.net/wp/wp-content/uploads/2024/05/captura-de-pantalla-2020-04-22-a-las-185036-1.jpeg" alt="" class="wp-image-294"/></figure>



<figure class="wp-block-image size-large"><img loading="lazy" decoding="async" width="284" height="272" data-id="295" src="https://mendezpablo.net/wp/wp-content/uploads/2024/05/captura-de-pantalla-2020-04-22-a-las-185047.jpeg" alt="" class="wp-image-295"/></figure>



<figure class="wp-block-image size-large"><img loading="lazy" decoding="async" width="1024" height="576" data-id="296" src="https://mendezpablo.net/wp/wp-content/uploads/2024/05/Capture-decran-2023-04-13-a-08.45.57-1024x576.png" alt="" class="wp-image-296" srcset="https://mendezpablo.net/wp/wp-content/uploads/2024/05/Capture-decran-2023-04-13-a-08.45.57-1024x576.png 1024w, https://mendezpablo.net/wp/wp-content/uploads/2024/05/Capture-decran-2023-04-13-a-08.45.57-300x169.png 300w, https://mendezpablo.net/wp/wp-content/uploads/2024/05/Capture-decran-2023-04-13-a-08.45.57-768x432.png 768w, https://mendezpablo.net/wp/wp-content/uploads/2024/05/Capture-decran-2023-04-13-a-08.45.57.png 1048w" sizes="auto, (max-width: 1024px) 100vw, 1024px" /></figure>
</figure>



<figure class="wp-block-embed is-type-video is-provider-vimeo wp-block-embed-vimeo wp-embed-aspect-16-9 wp-has-aspect-ratio"><div class="wp-block-embed__wrapper">
<iframe loading="lazy" title="Entre humanos y luciérnagas - Marcela Castelo, José Crespo, Pablo Méndez y Candela Sotos" src="https://player.vimeo.com/video/682202370?h=d4d2bc8ea8&amp;dnt=1&amp;app_id=122963" width="500" height="281" frameborder="0" allow="autoplay; fullscreen; picture-in-picture; clipboard-write; encrypted-media; web-share" referrerpolicy="strict-origin-when-cross-origin"></iframe>
</div></figure>



<p class="wp-block-paragraph">Dialogue with Marcela Castelo, José Crespo, and Candela Sotos regarding the conditions for the habitability of fireflies during the COVID-19 confinement in 2020.</p>



<figure class="wp-block-embed alignfull is-type-video is-provider-vimeo wp-block-embed-vimeo wp-embed-aspect-16-9 wp-has-aspect-ratio"><div class="wp-block-embed__wrapper">
<iframe loading="lazy" title="luciernagas" src="https://player.vimeo.com/video/875193401?h=3667868895&amp;dnt=1&amp;app_id=122963" width="500" height="281" frameborder="0" allow="autoplay; fullscreen; picture-in-picture; clipboard-write; encrypted-media; web-share" referrerpolicy="strict-origin-when-cross-origin"></iframe>
</div><figcaption class="wp-element-caption">Recording during the activity of tracing fireflies in the urban milieu <br>of Buenos Aires. Parque Tres de Febrero, Buenos Aires, Argentina, 2022. </figcaption></figure>



<figure class="wp-block-image size-large"><img loading="lazy" decoding="async" width="1024" height="768" src="https://mendezpablo.net/wp/wp-content/uploads/2026/03/entre-humanos-y-luciernagas-1024x768.jpg" alt="" class="wp-image-615" srcset="https://mendezpablo.net/wp/wp-content/uploads/2026/03/entre-humanos-y-luciernagas-1024x768.jpg 1024w, https://mendezpablo.net/wp/wp-content/uploads/2026/03/entre-humanos-y-luciernagas-300x225.jpg 300w, https://mendezpablo.net/wp/wp-content/uploads/2026/03/entre-humanos-y-luciernagas-768x576.jpg 768w, https://mendezpablo.net/wp/wp-content/uploads/2026/03/entre-humanos-y-luciernagas-1536x1152.jpg 1536w, https://mendezpablo.net/wp/wp-content/uploads/2026/03/entre-humanos-y-luciernagas-2048x1536.jpg 2048w" sizes="auto, (max-width: 1024px) 100vw, 1024px" /></figure>



<figure class="wp-block-image size-large"><img loading="lazy" decoding="async" width="768" height="1024" src="https://mendezpablo.net/wp/wp-content/uploads/2026/03/entre-humanos-y-luciernagaw-3-768x1024.jpg" alt="" class="wp-image-616" srcset="https://mendezpablo.net/wp/wp-content/uploads/2026/03/entre-humanos-y-luciernagaw-3-768x1024.jpg 768w, https://mendezpablo.net/wp/wp-content/uploads/2026/03/entre-humanos-y-luciernagaw-3-225x300.jpg 225w, https://mendezpablo.net/wp/wp-content/uploads/2026/03/entre-humanos-y-luciernagaw-3-1152x1536.jpg 1152w, https://mendezpablo.net/wp/wp-content/uploads/2026/03/entre-humanos-y-luciernagaw-3-1536x2048.jpg 1536w, https://mendezpablo.net/wp/wp-content/uploads/2026/03/entre-humanos-y-luciernagaw-3-scaled.jpg 1920w" sizes="auto, (max-width: 768px) 100vw, 768px" /></figure>

<p>Among Humans and Fireflies (2019-2023)Collaborative research and actions with the Entomology Laboratory of the University of Buenos Aires (Dr. Marcela Castelo, and José Crespo). Breeding fireflies in captivity, researching their behaviour and specific corporeality.Tracking exercises of fireflies in urban environments: first activity in November 2021 in Buenos Aires, and June 2023 in Santa-Catarina state in [&hellip;]</p>
