{"id":88,"date":"2023-10-27T22:40:08","date_gmt":"2023-10-27T22:40:08","guid":{"rendered":"https:\/\/mendezpablo.net\/wp\/?page_id=88"},"modified":"2026-05-09T11:05:07","modified_gmt":"2026-05-09T11:05:07","slug":"bio","status":"publish","type":"page","link":"https:\/\/mendezpablo.net\/wp\/?page_id=88","title":{"rendered":"Bio"},"content":{"rendered":"\n<p class=\"wp-block-paragraph\">Pablo M\u00e9ndez (b. 1988, Buenos Aires) is an artist and curator working between France, Brazil, and Argentina. His work addresses the planetary habitability crisis as a historical and political condition\u2014one that decides, unevenly, which lives are sustained and which are made disposable. He works with human and more-than-human worlds not as metaphor or backdrop, but as realities that insist, collide, and survive through fragile alliances. His practice grows from field encounters, long observation, and collaboration across disciplines.<\/p>\n\n\n\n<p class=\"wp-block-paragraph\">Since 2010, Pablo has developed personal and collective projects shaped by ecological, colonial, and epistemological tensions. His work has been presented at Rencontres de la Photographie d\u2019Arles (2015), FRAC Provence\u2013Alpes\u2013C\u00f4te d\u2019Azur (2015\u20132016), Casa Nacional del Bicentenario (Buenos Aires, 2016), Universidad Nacional de San Mart\u00edn (Buenos Aires, 2019), Matadero Madrid\u2014Puertas Abiertas (2021), Centro Cultural Kirchner\u2014<em>Simbiolog\u00eda. Pr\u00e1cticas art\u00edsticas en un planeta en emergencias<\/em> (2021\u20132022), <em>Investigaciones de futuro<\/em> (Buenos Aires, 2022), documenta fifteen (Kassel, 2022), among others. At documenta fifteen, he collaborated with the Lumbung artist collective <a href=\"https:\/\/holobiente.org\/inicio\/\">La Intermundial Holobiente<\/a> (Argentina), participating on the creation of public programs along with artist Claudia Fontes, Guadalupe Miles and weavers from wich&#8217;\u00ed <a href=\"https:\/\/www.instagram.com\/centro_cultural_tewok\/?hl=en\" data-type=\"link\" data-id=\"https:\/\/www.instagram.com\/centro_cultural_tewok\/?hl=en\">Cultural Center Tewok<\/a>. He had also collaborated with philosopher Paula Fleisner documenting an invitation to non-humans relations to a possible way of reading their collective project the El libro de las diez mil cosas.<\/p>\n\n\n\n<p class=\"wp-block-paragraph\">He has received grants from Fondo Nacional de las Artes (Argentina), Fondo Metropolitano de las Artes y de las Ciencias (Buenos Aires), Mecenazgo Cultural, CREA (Matadero Madrid), the Biennial of Moving Image (BIM, Buenos Aires), Fonds de Recherche en Arts (Fonds National de Recherche Scientifique &#8211; Belgium), among others. His practice has been supported by residencies at the National Museum of Natural History of France and the Acad\u00e9mie des Beaux-Arts at La Cit\u00e9 Internationale des Arts (Paris, 2023\u20132024). He was awarded with the FNRS &#8211; FRS \/ FRArts 2024-2026 (B\u00e9lgique)  research-creation grant for his ongoing research <a href=\"https:\/\/mendezpablo.net\/wp\/?page_id=516\" data-type=\"page\" data-id=\"516\">Jaguar Worlds<\/a> <\/p>\n\n\n\n<p class=\"wp-block-paragraph\">He will take part in the Art Explora residency program in Vila 31 (Tirana, Alabania, 2026), entangling historical memory practices, with fireflies living in the ruins of soviet empire. <\/p>\n\n\n\n<p class=\"wp-block-paragraph\">Pablo graduated from the \u00c9cole Nationale Sup\u00e9rieure de la Photographie (Arles, 2015). His work has been shaped by formative exchanges with Alan Talgham, Valeria Gonz\u00e1lez, Vinciane Despret, Thibault de Meyer, Anne-Lise Dauphin\u00e9-Morer, Dalila Puzzovio, Marine Fauch\u00e9 and Claudia Fontes.<\/p>\n\n\n\n<figure class=\"wp-block-gallery has-nested-images columns-default is-cropped wp-block-gallery-1 is-layout-flex wp-block-gallery-is-layout-flex\">\n<figure class=\"wp-block-image size-large\"><img loading=\"lazy\" decoding=\"async\" width=\"659\" height=\"1006\" data-id=\"491\" src=\"https:\/\/mendezpablo.net\/wp\/wp-content\/uploads\/2026\/01\/Captura-de-pantalla-2025-11-09-201717.png\" alt=\"\" class=\"wp-image-491\" srcset=\"https:\/\/mendezpablo.net\/wp\/wp-content\/uploads\/2026\/01\/Captura-de-pantalla-2025-11-09-201717.png 659w, https:\/\/mendezpablo.net\/wp\/wp-content\/uploads\/2026\/01\/Captura-de-pantalla-2025-11-09-201717-197x300.png 197w\" sizes=\"auto, (max-width: 659px) 100vw, 659px\" \/><\/figure>\n<\/figure>\n\n\n\n<p class=\"wp-block-paragraph\">Ph. Marine Fauch\u00e9, 2025.<\/p>\n\n\n\n<p class=\"wp-block-paragraph\"><em>My practice is also held by what I call an<\/em> Affective Net <em>\u2014 a web of intra-actions, in the sense Karen Barad gives to that term, and of the living web Starhawk names as the ground of all political and creative practice. These are the people whose thinking, presence, and care are woven into everything I make:<\/em><\/p>\n\n\n\n<p class=\"wp-block-paragraph\"><a href=\"https:\/\/www.instagram.com\/alan_talgham\/\" data-type=\"link\" data-id=\"https:\/\/www.instagram.com\/alan_talgham\/\">Alan Talgham<\/a>, <a href=\"https:\/\/en.linapercu.com\/catalogue\/eshop\/p\/reprises-alejandro-erbetta\" data-type=\"link\" data-id=\"https:\/\/en.linapercu.com\/catalogue\/eshop\/p\/reprises-alejandro-erbetta\">Alejandro Erbetta<\/a>, <a href=\"https:\/\/www.aniara-rodado.net\/\">Aniara Rodado<\/a>, Numa Benyayer, <a href=\"https:\/\/albanelamoril.com\/\">Albane Lamoril<\/a>, <a href=\"https:\/\/www.apollinelamoril.com\/\">Apolline Lamoril<\/a>, <a href=\"https:\/\/nathanaelabeille.com\/\" data-type=\"link\" data-id=\"https:\/\/nathanaelabeille.com\/\">Nathanael Abeille<\/a>, <a href=\"https:\/\/www.instagram.com\/p\/DVBZ_8yDb5e\/\">Nicola Noemi,<\/a> Karina Juarez, <a href=\"https:\/\/www.instagram.com\/calibre_lab\/\">Calibre Lab<\/a>, <a href=\"https:\/\/www.instagram.com\/puentetania\/?hl=en\">Tania Puente<\/a>, <a href=\"https:\/\/www.instagram.com\/mechi.claus\/\" data-type=\"link\" data-id=\"https:\/\/www.instagram.com\/mechi.claus\/\">Mercedes Claus,<\/a> <a href=\"http:\/\/www.candelasotos.com\/\" data-type=\"link\" data-id=\"http:\/\/www.candelasotos.com\/\">Candela Sotos<\/a>, <a href=\"https:\/\/vadb.org\/people\/valeria-gonzalez\">Valeria Gonz\u00e1lez<\/a>, <a href=\"https:\/\/bicyt.conicet.gov.ar\/fichas\/p\/gonzalo-moises-aguilar\">Gonzalo Aguilar<\/a>, <a href=\"https:\/\/claudiafontes.com\/\">Claudia Fontes<\/a>, <a href=\"https:\/\/camillesonally.com\/\">Camille Sonally<\/a>, Marine Fauch\u00e9, <a href=\"https:\/\/investigacionesdelfuturo.org\/\">Leonello Zamb\u00f3n<\/a>, <a href=\"https:\/\/investigacionesdelfuturo.org\/\">Investigaciones del Futuro<\/a>, <a href=\"https:\/\/www.instagram.com\/coafeminista\/\" data-type=\"link\" data-id=\"https:\/\/www.instagram.com\/coafeminista\/\">Colectiva observadora de aves feministas<\/a>, <a href=\"https:\/\/colectivamateria.wixsite.com\/cuadmaterialistas\">Colectiva Materia,<\/a><a href=\"https:\/\/open.spotify.com\/artist\/483XO10ZYxnxAqMkuOTJ2m\"><\/a><a href=\"https:\/\/open.spotify.com\/artist\/483XO10ZYxnxAqMkuOTJ2m\">Michelle Mendez<\/a>, <a href=\"https:\/\/www.instagram.com\/sofi.calvano\/\" data-type=\"link\" data-id=\"https:\/\/www.instagram.com\/sofi.calvano\/\">Sof\u00eda Calvano<\/a>, Revista Hipersensible,<a href=\"https:\/\/www.florenciacurci.xyz\/\">f kurch<\/a>, <a href=\"https:\/\/holobiente.org\/inicio\/\">La Intermundial Holobiente<\/a>, Marina Pampin, <a href=\"https:\/\/www.danielastubbslevi.com\/\" data-type=\"link\" data-id=\"https:\/\/www.danielastubbslevi.com\/\">Daniela Stubb-Levi<\/a>, <a href=\"https:\/\/www.artealdia.com\/Tags\/(tag)\/Bolivia\">Alfredo Coloma<\/a>, <a href=\"https:\/\/editorialcactus.com.ar\/\">Editorial Cactus,<\/a> Colectiva Materia, Paula Fleisner, Juan Marcos, Guadalupe Miles, Gayatri Kodikal, Mizuho Yamazaki, Florestan\u00eda, Azucena Castro, Carolina Herman, that I&#8217;m sure, it will continue to extend. <\/p>\n","protected":false},"excerpt":{"rendered":"<p>Pablo M\u00e9ndez (b. 1988, Buenos Aires) is an artist and curator working between France, Brazil, and Argentina. His work addresses the planetary habitability crisis as a historical and political condition\u2014one that decides, unevenly, which lives are sustained and which are made disposable. He works with human and more-than-human worlds not as metaphor or backdrop, but [&hellip;]<\/p>\n","protected":false},"author":1,"featured_media":561,"parent":476,"menu_order":0,"comment_status":"closed","ping_status":"closed","template":"","meta":{"footnotes":""},"class_list":["post-88","page","type-page","status-publish","has-post-thumbnail","hentry"],"_links":{"self":[{"href":"https:\/\/mendezpablo.net\/wp\/index.php?rest_route=\/wp\/v2\/pages\/88","targetHints":{"allow":["GET"]}}],"collection":[{"href":"https:\/\/mendezpablo.net\/wp\/index.php?rest_route=\/wp\/v2\/pages"}],"about":[{"href":"https:\/\/mendezpablo.net\/wp\/index.php?rest_route=\/wp\/v2\/types\/page"}],"author":[{"embeddable":true,"href":"https:\/\/mendezpablo.net\/wp\/index.php?rest_route=\/wp\/v2\/users\/1"}],"replies":[{"embeddable":true,"href":"https:\/\/mendezpablo.net\/wp\/index.php?rest_route=%2Fwp%2Fv2%2Fcomments&post=88"}],"version-history":[{"count":15,"href":"https:\/\/mendezpablo.net\/wp\/index.php?rest_route=\/wp\/v2\/pages\/88\/revisions"}],"predecessor-version":[{"id":742,"href":"https:\/\/mendezpablo.net\/wp\/index.php?rest_route=\/wp\/v2\/pages\/88\/revisions\/742"}],"up":[{"embeddable":true,"href":"https:\/\/mendezpablo.net\/wp\/index.php?rest_route=\/wp\/v2\/pages\/476"}],"wp:featuredmedia":[{"embeddable":true,"href":"https:\/\/mendezpablo.net\/wp\/index.php?rest_route=\/wp\/v2\/media\/561"}],"wp:attachment":[{"href":"https:\/\/mendezpablo.net\/wp\/index.php?rest_route=%2Fwp%2Fv2%2Fmedia&parent=88"}],"curies":[{"name":"wp","href":"https:\/\/api.w.org\/{rel}","templated":true}]}}

<p class="wp-block-paragraph">Pablo Méndez (b. 1988, Buenos Aires) is an artist and curator working between France, Brazil, and Argentina. His work addresses the planetary habitability crisis as a historical and political condition—one that decides, unevenly, which lives are sustained and which are made disposable. He works with human and more-than-human worlds not as metaphor or backdrop, but as realities that insist, collide, and survive through fragile alliances. His practice grows from field encounters, long observation, and collaboration across disciplines.</p>



<p class="wp-block-paragraph">Since 2010, Pablo has developed personal and collective projects shaped by ecological, colonial, and epistemological tensions. His work has been presented at Rencontres de la Photographie d’Arles (2015), FRAC Provence–Alpes–Côte d’Azur (2015–2016), Casa Nacional del Bicentenario (Buenos Aires, 2016), Universidad Nacional de San Martín (Buenos Aires, 2019), Matadero Madrid—Puertas Abiertas (2021), Centro Cultural Kirchner—<em>Simbiología. Prácticas artísticas en un planeta en emergencias</em> (2021–2022), <em>Investigaciones de futuro</em> (Buenos Aires, 2022), documenta fifteen (Kassel, 2022), among others. At documenta fifteen, he collaborated with the Lumbung artist collective <a href="https://holobiente.org/inicio/">La Intermundial Holobiente</a> (Argentina), participating on the creation of public programs along with artist Claudia Fontes, Guadalupe Miles and weavers from wich&#8217;í <a href="https://www.instagram.com/centro_cultural_tewok/?hl=en" data-type="link" data-id="https://www.instagram.com/centro_cultural_tewok/?hl=en">Cultural Center Tewok</a>. He had also collaborated with philosopher Paula Fleisner documenting an invitation to non-humans relations to a possible way of reading their collective project the El libro de las diez mil cosas.</p>



<p class="wp-block-paragraph">He has received grants from Fondo Nacional de las Artes (Argentina), Fondo Metropolitano de las Artes y de las Ciencias (Buenos Aires), Mecenazgo Cultural, CREA (Matadero Madrid), the Biennial of Moving Image (BIM, Buenos Aires), Fonds de Recherche en Arts (Fonds National de Recherche Scientifique &#8211; Belgium), among others. His practice has been supported by residencies at the National Museum of Natural History of France and the Académie des Beaux-Arts at La Cité Internationale des Arts (Paris, 2023–2024). He was awarded with the FNRS &#8211; FRS / FRArts 2024-2026 (Bélgique)  research-creation grant for his ongoing research <a href="https://mendezpablo.net/wp/?page_id=516" data-type="page" data-id="516">Jaguar Worlds</a> </p>



<p class="wp-block-paragraph">He will take part in the Art Explora residency program in Vila 31 (Tirana, Alabania, 2026), entangling historical memory practices, with fireflies living in the ruins of soviet empire. </p>



<p class="wp-block-paragraph">Pablo graduated from the École Nationale Supérieure de la Photographie (Arles, 2015). His work has been shaped by formative exchanges with Alan Talgham, Valeria González, Vinciane Despret, Thibault de Meyer, Anne-Lise Dauphiné-Morer, Dalila Puzzovio, Marine Fauché and Claudia Fontes.</p>



<figure class="wp-block-gallery has-nested-images columns-default is-cropped wp-block-gallery-1 is-layout-flex wp-block-gallery-is-layout-flex">
<figure class="wp-block-image size-large"><img loading="lazy" decoding="async" width="659" height="1006" data-id="491" src="https://mendezpablo.net/wp/wp-content/uploads/2026/01/Captura-de-pantalla-2025-11-09-201717.png" alt="" class="wp-image-491" srcset="https://mendezpablo.net/wp/wp-content/uploads/2026/01/Captura-de-pantalla-2025-11-09-201717.png 659w, https://mendezpablo.net/wp/wp-content/uploads/2026/01/Captura-de-pantalla-2025-11-09-201717-197x300.png 197w" sizes="auto, (max-width: 659px) 100vw, 659px" /></figure>
</figure>



<p class="wp-block-paragraph">Ph. Marine Fauché, 2025.</p>



<p class="wp-block-paragraph"><em>My practice is also held by what I call an</em> Affective Net <em>— a web of intra-actions, in the sense Karen Barad gives to that term, and of the living web Starhawk names as the ground of all political and creative practice. These are the people whose thinking, presence, and care are woven into everything I make:</em></p>



<p class="wp-block-paragraph"><a href="https://www.instagram.com/alan_talgham/" data-type="link" data-id="https://www.instagram.com/alan_talgham/">Alan Talgham</a>, <a href="https://en.linapercu.com/catalogue/eshop/p/reprises-alejandro-erbetta" data-type="link" data-id="https://en.linapercu.com/catalogue/eshop/p/reprises-alejandro-erbetta">Alejandro Erbetta</a>, <a href="https://www.aniara-rodado.net/">Aniara Rodado</a>, Numa Benyayer, <a href="https://albanelamoril.com/">Albane Lamoril</a>, <a href="https://www.apollinelamoril.com/">Apolline Lamoril</a>, <a href="https://nathanaelabeille.com/" data-type="link" data-id="https://nathanaelabeille.com/">Nathanael Abeille</a>, <a href="https://www.instagram.com/p/DVBZ_8yDb5e/">Nicola Noemi,</a> Karina Juarez, <a href="https://www.instagram.com/calibre_lab/">Calibre Lab</a>, <a href="https://www.instagram.com/puentetania/?hl=en">Tania Puente</a>, <a href="https://www.instagram.com/mechi.claus/" data-type="link" data-id="https://www.instagram.com/mechi.claus/">Mercedes Claus,</a> <a href="http://www.candelasotos.com/" data-type="link" data-id="http://www.candelasotos.com/">Candela Sotos</a>, <a href="https://vadb.org/people/valeria-gonzalez">Valeria González</a>, <a href="https://bicyt.conicet.gov.ar/fichas/p/gonzalo-moises-aguilar">Gonzalo Aguilar</a>, <a href="https://claudiafontes.com/">Claudia Fontes</a>, <a href="https://camillesonally.com/">Camille Sonally</a>, Marine Fauché, <a href="https://investigacionesdelfuturo.org/">Leonello Zambón</a>, <a href="https://investigacionesdelfuturo.org/">Investigaciones del Futuro</a>, <a href="https://www.instagram.com/coafeminista/" data-type="link" data-id="https://www.instagram.com/coafeminista/">Colectiva observadora de aves feministas</a>, <a href="https://colectivamateria.wixsite.com/cuadmaterialistas">Colectiva Materia,</a><a href="https://open.spotify.com/artist/483XO10ZYxnxAqMkuOTJ2m"></a><a href="https://open.spotify.com/artist/483XO10ZYxnxAqMkuOTJ2m">Michelle Mendez</a>, <a href="https://www.instagram.com/sofi.calvano/" data-type="link" data-id="https://www.instagram.com/sofi.calvano/">Sofía Calvano</a>, Revista Hipersensible,<a href="https://www.florenciacurci.xyz/">f kurch</a>, <a href="https://holobiente.org/inicio/">La Intermundial Holobiente</a>, Marina Pampin, <a href="https://www.danielastubbslevi.com/" data-type="link" data-id="https://www.danielastubbslevi.com/">Daniela Stubb-Levi</a>, <a href="https://www.artealdia.com/Tags/(tag)/Bolivia">Alfredo Coloma</a>, <a href="https://editorialcactus.com.ar/">Editorial Cactus,</a> Colectiva Materia, Paula Fleisner, Juan Marcos, Guadalupe Miles, Gayatri Kodikal, Mizuho Yamazaki, Florestanía, Azucena Castro, Carolina Herman, that I&#8217;m sure, it will continue to extend. </p>

<p>Pablo Méndez (b. 1988, Buenos Aires) is an artist and curator working between France, Brazil, and Argentina. His work addresses the planetary habitability crisis as a historical and political condition—one that decides, unevenly, which lives are sustained and which are made disposable. He works with human and more-than-human worlds not as metaphor or backdrop, but [&hellip;]</p>
